t i(p) = -p**2 - p. Let z(t) = -9*t**2 - 1. Let n(x) = -3*i(x) - z(x). Is n(-4) a prime number?
True
Let o(q) = 549*q**2 - 12*q + 7. Is o(2) a composite number?
False
Let d(o) = -4*o**3 + 14*o**2 + 2*o. Let l be d(4). Let w = 182 + -47. Let p = w + l. Is p a prime number?
False
Let z(r) = -r**3 + 9*r**2 - 3*r - 4. Let d be z(4). Suppose 9*v = -v. Suppose -a - j = -v*a - d, a + 4*j - 79 = 0. Is a prime?
True
Let r be -4*9/(-60)*5. Is ((-3)/r)/((-2932)/(-978) - 3) a prime number?
False
Let j = -2200 - -39663. Is j a composite number?
False
Let n = -10394 - -27612. Is n a prime number?
False
Let q(x) = 4*x - 3 - 3*x + 5*x - 4*x. Let y be q(3). Suppose y*u - 106 = -k, 5*u - 124 = u + 3*k. Is u a prime number?
False
Suppose p = -2*p - 3*o + 9, -p = 3*o - 1. Suppose 0 = 5*y - s + 153 - 2758, 0 = -4*y - p*s + 2084. Is y a prime number?
True
Let i = -24 - -29. Let p = 2 - i. Let v(o) = -169*o + 4. Is v(p) prime?
False
Suppose -19 - 105 = -2*f. Let h = 365 - f. Is h a prime number?
False
Let m be 1 + (-10)/2 + 7. Suppose -3*j - 3*g + 162 = -444, 2*j + m*g - 399 = 0. Is -4 + -3 + j*2 a prime number?
False
Is ((-12549)/(-12))/(23/92) prime?
False
Is ((-190)/120 - 3/18)*-1916 composite?
True
Let k(y) = -2*y**3 + y**2 - 2*y + 32957. Is k(0) composite?
False
Let s(p) = p**3 - 2*p - 26 + 13 + 3*p**2 + 14 + 10*p**3. Let d = 5 - 3. Is s(d) prime?
True
Let d(g) = -2236*g + 9. Is d(-14) a prime number?
False
Suppose 0 = 2*x - 3*k - 1, 2*x - 5*k + 1 = 0. Let d be -2*3/6*x. Is d/(6/(-483) + 0) a prime number?
False
Let v = -32 + 16. Let d = 21 + v. Suppose 3*w = -d*r + 259, -3*r = -w + r + 75. Is w composite?
False
Suppose 3*k = -2*v + 19127, 5*k - v = 2*v + 31891. Is k prime?
False
Let v be (3 - (-16)/(-4)) + 50. Suppose -3*n + 16 + 145 = -4*h, v = n + h. Is 0 - (n + 2)*-1 composite?
False
Suppose 4*p = -5*d + 6*p + 251, -d - 3*p = -57. Let n be (12 - 0)*17/d. Suppose 0 = o + 1, 5*k - 2*o - 1853 = -n*o. Is k a composite number?
True
Let r(x) be the first derivative of 13*x**3/3 - 3*x**2/2 + 9*x - 8. Is r(5) prime?
False
Let w = 8082 + -3453. Is w a composite number?
True
Let v(n) = -37*n**3 + 2*n**2 - 8*n + 5. Is v(-4) a composite number?
False
Is (7 + 20060)*(-3)/(-9) composite?
False
Let b(a) = -13*a + 8. Let r(c) = -39*c + 23. Let y be (9 - 6)*(-4)/6. Let t(k) = y*r(k) + 7*b(k). Is t(-9) composite?
False
Let a = 23 - 21. Let y be -4 + -1 + a - -478. Suppose 130 = -q - 2*j + 609, -q = j - y. Is q prime?
False
Is (425/(-25))/(2/(-58)) - 2 prime?
True
Is (-17)/((-136)/15200) - -6 a prime number?
False
Let j(q) = -5*q**3 + 2*q**2 + q - 1. Let w be j(-1). Suppose 2*t + w*b - 3 = 0, -4*b = -0*t - 2*t + 30. Is ((-6)/t)/((-4)/222) composite?
False
Let x(u) = -100*u + 226. Is x(-15) prime?
False
Let x = 65 + -93. Let y be x/(-8) - 1/(-2). Suppose 7*q = y*q + 381. Is q a prime number?
True
Suppose 6*t = t + 10. Suppose t*q = -4*q + 13710. Is q prime?
False
Let z = 649 - 288. Suppose -159 = -7*h + 6*h. Let p = z - h. Is p composite?
True
Suppose -14*j - 7*j = -41433. Is j composite?
False
Let s be 0/(7 + -2) - 3. Is ((-33)/(-4))/(s/(-244)) a prime number?
False
Let g(v) = 880*v**2 - 3*v + 2. Let x be 60/40 - (-3)/(-2). Suppose 0 = -x*u - 5*u + 5. Is g(u) a prime number?
False
Suppose 5*r = 0, r = -3*y + 13 - 4. Suppose -z - s = -5*s + 4, -y*z = -4*s + 36. Is 8/z*1*-278 a composite number?
False
Suppose 0 = 4*n - 4, 1 = 5*i + n - 10. Let w(o) = 2 + i - 4*o + 1 - 8*o. Is w(-7) composite?
False
Suppose 3*f = -f - 96. Let c(q) = -3*q**2 + 7*q + 11. Let i be c(6). Let l = f - i. Is l a prime number?
True
Let x = 9 - 10. Let b be x - (-1 + 0 - 344). Suppose -f + b = -3*g, f - 5*g + 1359 = 5*f. Is f prime?
False
Let s = -81924 - -117255. Is s composite?
True
Let x be ((-1)/(-2))/((-6)/(-36)). Suppose -2*b = 4, -481 = -x*o - b + 3*b. Is o composite?
True
Let d(i) = -2*i**3 + 84*i**2 - 51*i - 39. Is d(40) composite?
True
Suppose -2*a = -a - 4*f - 50, 4*a + 4*f = 140. Suppose -a = -2*i - 0. Let c = i + -16. Is c composite?
False
Let q = -14 - -5. Let f(w) = -w**2 - 10*w - 6. Let k be f(q). Suppose 0*x - 99 = -k*x. Is x a prime number?
False
Let f(m) = 19*m**3 + 2*m**2 + 1. Let z be f(2). Suppose 0 = -4*g - s + z, -2*s - s + 73 = 2*g. Let u = g + -22. Is u composite?
False
Let r be (-1)/((-5)/(-2) - 3). Suppose -5*i - 11 = q, r*q - 17 = 4*i - i. Suppose -1065 = -5*d + q*l, 639 = 4*d - d - 2*l. Is d a composite number?
True
Let g = -18 + 27. Suppose 348 + 255 = g*p. Is p composite?
False
Is -19 + 5 + 17 - (-3638 - 0) a prime number?
False
Suppose -2*y + 246 = -22. Let u = y + -362. Let q = u + 447. Is q prime?
False
Suppose 2*n - 6*n = -16. Suppose -n*j + 377 = -3*o, 4*o - 3*o = 1. Suppose 4*m - 4*v = -v + 380, m - j = 4*v. Is m a prime number?
False
Suppose 2*j = 5*c - 25725, -3*c + 5*j = -23949 + 8533. Is c composite?
False
Let b(p) = p**2 - p - 1. Let o be b(2). Let s(f) = 28*f**2 + 2*f - 1. Let r be s(o). Is (r - (2 + 1))/1 prime?
False
Let g = -887 + 3240. Is g a prime number?
False
Is (8/16)/(-3 + (-400156)/(-133384)) a composite number?
False
Suppose -30 = -4*z + 2*o, o = 6*z - 3*z - 20. Suppose 4*i - 30 = -6*i. Suppose 5*y - z*n - 450 = 0, 0*y + 3*n = -i*y + 240. Is y composite?
True
Suppose 1 = 4*b - 47. Suppose -4*y + b = -y. Is 86/8 + (-3)/y composite?
True
Let j(o) = 7*o**2 - 5*o + 27. Let p be j(14). Let x = p + -743. Is x a prime number?
False
Suppose 0 = -2*r - 5*t - 9, 2*r = -3*r - 3*t + 25. Suppose 2483 = r*w - 2645. Is w prime?
True
Let c be 27664/21 - (0 + (-2)/3). Let o = -896 + c. Is o a prime number?
False
Let m = 8 + -10. Let c = m + 5. Suppose 124 = c*r - 77. Is r a prime number?
True
Let q be 3 + (-16392)/(-9) + 8/(-6). Suppose 0 = 17*h - q - 1424. Is h composite?
False
Let k(w) = w**2 - 6*w - 15. Let z be k(5). Let n = 69 - z. Is n a prime number?
True
Let w = -7775 - -12697. Let c = w + -3379. Is c a composite number?
False
Let p = -39 + 3902. Is p composite?
False
Let v = -10609 + 22836. Is v a composite number?
False
Let q(m) = 54*m**2 - 5*m + 5. Let d(i) = i**3 - i**2 - 2*i + 2. Let k be d(2). Is q(k) a composite number?
False
Let q(j) = -2*j**2 - 74*j + 55. Is q(-36) a composite number?
False
Suppose 5*k = 2*g + 100, -4*k + 188 = -2*g - 2*g. Let d be (6/(-9))/(6/g). Suppose 390 - 2485 = -d*o. Is o composite?
False
Suppose -48992 = 7*f - 11*f. Suppose -2*s - 2*r + f = 0, -4*s - r + 24486 = r. Is s prime?
False
Let y(n) = -8*n + 40. Let i be y(5). Suppose s + i = 67. Is s a composite number?
False
Let d(j) = j**3 - 7*j**2 - 25*j + 13. Let b(h) = h**3 - 4*h**2 - 12*h + 7. Let t(i) = 5*b(i) - 2*d(i). Let v be 0/6 + 6 + 0. Is t(v) a prime number?
False
Suppose -4*g + 2*g = -5*x + 21, 27 = 5*x + g. Suppose 0*w = -x*w. Suppose 2*d + 5*j - 858 = w, 0 = -5*d + j + 2117 - 26. Is d prime?
True
Let h(y) = 297*y**3 - y**2 - y + 1. Let z be h(1). Let a = 3 - -2. Let w = a + z. Is w composite?
True
Suppose -3*h - 22934 = -4*g + 31247, g + 5*h = 13574. Is g composite?
True
Let x be -4 + 0 + 6 - -2. Suppose 0 = -x*j - 2*p + 366 + 942, -5*j = 5*p - 1640. Is j a prime number?
False
Let w = 0 - -2. Let g(m) = 28 + m**3 + 9*m**w - 20 - 5*m - 2*m. Is g(-7) a prime number?
False
Let s(f) = -16*f**2 - 42*f**2 - 13*f**2 + 92*f**2 + 5*f + 9. Is s(4) a composite number?
True
Suppose -2 = -4*q + 2*q. Suppose 0 = -2*r - 0 + 4. Is 0/q + r*7 a prime number?
False
Let i be 6/27 - 980/36. Let u = i - -27. Suppose -5*n - 4*c = -1449, u = 4*n - 2*n + c - 582. Is n a prime number?
True
Suppose q = l - 19564, q + 2*q = -9. Is l a prime number?
False
Let w = -5 + -8. Let b(n) = n + 18. Let s be b(w). Suppose 8*c - 486 = -4*p + 3*c, 3*c + 589 = s*p. Is p prime?
False
Let v = -7120 - -22619. Is v a composite number?
True
Is (0 - -5) + 13560 + 60/10 a composite number?
True
Let a = 1271 + -859. Let p be (-9 + 11)*(2 + 434/4). Suppose a + p = 3*l. Is l composite?
False
Let m(x) = 3*x**2 - 3*x + 2. Let j be m(2). Suppose -j*p = -5*p - 1623. Is p composite?
False
Let h(i) = i**3 + 6*i**2 + 2*i + 2. Let w(r) = -r**2 + 10*r + 29. Let g be w(12). Is h(g) a composite number?
True
Let z(a) = -1774*a + 371. Is z(-30) a composite number?
False
Let z be (4 + -3)/(1/(-3)). Is 181 - (2/z)/(8/(-24)) a composite number?
False
Let q(c) be the second derivative of c**4/2 - c**3/3 - 4*c**2 + 4*c. Let d be